u - 2*m + 9 = 0, 3*u + 5*m = -0*m. Suppose u*x - 245 = w, 4*x - 226 + 30 = 5*w. Is x composite?
True
Suppose -4*y + 3421 = -5*m, -4*y + 6*m + 3406 = 4*m. Is y composite?
True
Suppose 47 = -2*m - 125. Let b = -60 - m. Suppose -2*c - b = -4*c. Is c composite?
False
Let y(i) = 4*i**2 + 3 + 3*i - 1 + 3 - 3*i**2. Is y(-5) composite?
True
Suppose 140 = -5*l - 2640. Is 3*(-2 + l/(-12)) prime?
False
Let o(m) = -1031*m - 1. Let x be o(-1). Suppose 75 = -5*f + x. Is f a prime number?
True
Let y(s) = s**3 - s - 20. Let p be y(0). Let w = p - -41. Is w a prime number?
False
Let n(u) = u**3 + 2*u**2 - u. Suppose 2*x - 3 = 3. Let v(o) = -3*o**3 - 6*o**2 + 4*o + 1. Let s(t) = x*v(t) + 8*n(t). Is s(-4) a composite number?
False
Let w(q) = q - 1. Let n be w(5). Suppose 0 = -2*s + n*j + 106, 5*s - 2*j + 3*j - 265 = 0. Suppose 4*f - 119 - s = 0. Is f composite?
False
Suppose -4*h - 5*f = h + 660, 0 = -2*h + 3*f - 284. Let n = 192 + h. Suppose c = -2*j + n, c - 28 - 33 = -3*j. Is c a prime number?
False
Suppose 3 = f + 4*v - 2, -f + 5 = -v. Suppose -29 = -3*p - f*a, 3*a - 4 - 2 = 2*p. Is p prime?
True
Suppose -3*n = -x + 232, -5*n - 176 = -x + 62. Suppose 3*t = -4*u + 619, 0 = u - 7 + 3. Suppose 3*b - x = 4*l, -3*b + 40 + t = 5*l. Is b composite?
True
Suppose 28 + 254 = 3*g. Is g prime?
False
Suppose 2*s + 8 = 2*d + 3*s, 2*d = -5*s + 8. Suppose d*h + 62 = 5*g - 113, 0 = 5*h. Is g prime?
False
Let p = -5 - -8. Suppose p*o = -0*o + 1122. Suppose -4*k + 4*y = -9*k + 939, 0 = 2*k + 2*y - o. Is k composite?
False
Suppose 0 = -8*t + 4*t + 8. Let u(i) = 25*i + 23*i**3 - 14*i + 1 + i**2 - 13*i. Is u(t) a prime number?
False
Suppose 0 = -5*r + 3*k + 1652, -6*r = -2*r + 3*k - 1327. Is r a composite number?
False
Let s(k) be the second derivative of k**5/20 + 7*k**4/12 + k**3/3 - 5*k**2/2 + 2*k. Let y be s(-4). Suppose 4*a - y = 3*a. Is a composite?
True
Let b = 1354 - 941. Is b prime?
False
Suppose -2*b - 23 = 49. Is -1 - b - (-1 - -2) composite?
True
Let h(z) = -z - 2. Let g be h(-2). Suppose g = 4*n - 2*n + 2*r - 2, 5*n - 4*r - 50 = 0. Is n a composite number?
True
Let u = 3756 + -2395. Is u a prime number?
True
Let h(c) = c**2 + 3*c + 44. Is h(18) composite?
True
Let t be 2/3 + 146/(-3). Let d = t + 105. Is d a prime number?
False
Let v(h) = h**2 - 9*h + 18. Let d = -9 - -21. Let x be v(d). Let t = -31 + x. Is t a prime number?
True
Is 255/10*204/18 a prime number?
False
Suppose -659 = -2*o + u, -5*o - 4*u + 2*u = -1661. Is o a composite number?
False
Let v be 4551/(-21) + 4/(-14). Let w = -54 - v. Is w composite?
False
Let i = 14 - 10. Suppose -i*s - h + 306 = 0, -3*s + 0*h - h = -229. Is s a composite number?
True
Is (-36)/(-60) - 1772/(-5) prime?
False
Let t(v) = 5*v - 7. Let g(a) = -2*a + 3. Let z(h) = -5*g(h) - 3*t(h). Let k(r) = -4*r + 5. Let b(i) = -3*k(i) + 2*z(i). Is b(5) a composite number?
False
Let l(u) = -u**3 + 7*u**2 + 8*u - 9. Suppose 4*d - 28 = 6*f - 3*f, -2*f = 0. Is l(d) a prime number?
True
Let c be -2 - 0 - (-30)/(-6). Let z(x) = -2*x**3 - 8*x**2 + 5*x + 10. Is z(c) prime?
True
Let y(a) = a**3 - 5*a**2 + 8*a - 4. Let i be y(6). Let q = i + 38. Suppose -5*p - z = -335, 0 = -5*p - 4*z + q + 217. Is p a composite number?
False
Suppose 4*f + 4 = 0, -3*y + 104 - 1 = 2*f. Is y a composite number?
True
Suppose -3*t - 2*t + 395 = 0. Is t composite?
False
Suppose 6*u = 4*u + 4. Suppose u*l - 96 = 46. Is l prime?
True
Let l(k) = -k**3 + 4*k**2 + 2*k + 2. Is l(-5) composite?
True
Suppose 712 = 4*x - 0*x. Is x a composite number?
True
Suppose 10 - 1 = 3*l. Suppose -2*d + 5 = -l. Suppose -d - 9 = -j. Is j prime?
True
Is (4/(32/1964))/(1/2) composite?
False
Let o = -10 - -5. Let n = -7 - o. Is n*-3*2 - 1 composite?
False
Suppose 0 = 13*h - 17*h + 11140. Is h composite?
True
Suppose 4*s - 3 - 1 = 2*t, 0 = 3*s - 2*t - 1. Suppose 4*o - 73 = -s*a, -a - 22 = -2*a + o. Is a a composite number?
False
Let h(u) be the first derivative of u**3/3 + 15*u**2/2 - 5*u - 1. Is h(14) composite?
False
Is 128 + (-5)/(-2) + 9/(-6) prime?
False
Suppose 5*l - l = 0. Let u(n) = n + 43. Let q be u(l). Suppose -2*x + 31 = -q. Is x prime?
True
Let b be 9/(-12) + (-1150)/(-8). Suppose -b - 6 = -n. Is n a composite number?
False
Let j = 618 + -326. Suppose 5*b - j = 4*s + 267, 218 = 2*b - 3*s. Is b composite?
True
Suppose 2*h = -w - 2, 2 = -2*h + 10. Is -3*(w + -1)*1 composite?
True
Suppose -2*y + 0*y = -3*v + 2, v + 4*y = -18. Is 156 - (v/(-1))/2 prime?
False
Suppose 828 = 2*f - 1258. Is f composite?
True
Let s(v) = 3*v**2 + 27*v - 25. Is s(-12) prime?
True
Let r be 14/(-2) + (11 - 8). Is 8/(-16) - 598/r a composite number?
False
Is (-4)/6*1 - (-240)/9 prime?
False
Suppose 3*f - 2*v = 473, -2*f - 5*v + 78 + 269 = 0. Is f a prime number?
False
Is 5/((-15)/(-4199)) - 10/15 a composite number?
False
Suppose 2*i - 20 = -u, 2*u = 2*i - 3*i + 25. Let c = 159 - u. Is c prime?
True
Suppose -3*p = -p - 5*j - 7630, 15236 = 4*p - 4*j. Is p a prime number?
False
Suppose -95 - 1 = -2*r. Let s = r - -23. Is s a composite number?
False
Let f(t) = 3*t**2 - t + 1. Let j be f(1). Let p = j - -3. Is p a prime number?
False
Suppose 0 = 4*p - 3 - 1. Suppose -2*m + p = -2*v + 3, -5*m + 13 = 4*v. Is 2*79*m/2 composite?
False
Suppose -4 = 2*j - 8. Let f(g) = g**3 - 5 + 4*g + 2*g + 9*g**j + 0*g**2. Is f(-7) composite?
True
Suppose 2*k + 10 = 184. Is k a prime number?
False
Is (-1 + -2)/6*-5614 composite?
True
Suppose -3*b = 2*y - 485, 0*b - 5*b = 5. Is -3 - (2*y)/(-4) a composite number?
True
Is (-1 - 0)*3*(-14358)/18 composite?
False
Let f(d) = -359*d - 11. Is f(-2) prime?
False
Let h(u) be the second derivative of 2*u + 1/2*u**2 + 0 + 5/2*u**3. Is h(2) composite?
False
Let h = 22 + -16. Let q = 8 - h. Is (-262)/(-14) - q/(-7) a prime number?
True
Let w be (4/(-10))/((-2)/(-20)). Let h(c) = 33*c**2 - 3*c + 1. Is h(w) a composite number?
False
Let b be (-2)/4 - (-15)/(-6). Let g = 0 + b. Is 10/(-15)*1*g a prime number?
True
Let y be 0/((-3)/(9/(-3))). Suppose y = -5*m - k + 29, 5*m - 4*k = k + 35. Is m a prime number?
False
Let i be 4/(-10) + 3831/15. Suppose -4*k + 499 = 5*l - i, 4*l = 4*k - 736. Let d = k + -128. Is d prime?
False
Suppose -3*s - 7 = -25. Suppose 51 = -2*b + 3*o, -s*b + b - 100 = -2*o. Let f = 40 + b. Is f prime?
False
Suppose 2*w - 3*w = -127. Is w a prime number?
True
Suppose -4*g + 180 = -32. Is g prime?
True
Let o(q) = -2*q**3 - 7*q**2 - 2*q + 12. Let l(k) = 1. Let w(r) = -6*l(r) + o(r). Suppose 2*s = -2*h + 3*h - 14, -h = -5*s - 29. Is w(s) a composite number?
True
Let o(q) = -7*q - 4. Let a be o(-4). Suppose -59 = -4*u - k - a, 2*k = -4*u + 34. Suppose -1 = -h + u. Is h a prime number?
False
Suppose -6 = -2*l - 2. Suppose 6*b - 3164 = l*b. Is b a prime number?
False
Suppose 0 = -0*z + z - j - 1, -z - 3*j = -9. Suppose -c = z*c - 2292. Is c prime?
False
Suppose -u = 4*u - 10. Suppose 2*l - 20 = 4*a, 6*l - 28 = u*l + 5*a. Suppose r + c - 11 - 13 = 0, -4*r + l*c = -90. Is r a prime number?
True
Let z = 247 - -477. Suppose 5*w + 134 - z = 0. Is w composite?
True
Let w be (4/(-3))/((-10)/15). Suppose 4*p = -2*s - 14, -w*p + 1 - 12 = 5*s. Is 38 - (-2 - (s + -2)) a prime number?
True
Suppose 0 = -4*m - 5*v - 0*v + 29, -4*v + 21 = m. Is (-828)/(-10) - m/(-5) prime?
True
Suppose 2*m + m - 1334 = -w, 0 = 3*w + 2*m - 4009. Is w a composite number?
True
Let x(b) = b + 69. Suppose 4*f = -0*f. Is x(f) a composite number?
True
Let k(y) = -2*y**3 + 17*y**2 - 7*y - 25. Let d(t) = t**3 - 8*t**2 + 4*t + 13. Let i(p) = -5*d(p) - 3*k(p). Is i(11) prime?
False
Is (-11917)/(-51)*1*3 a prime number?
True
Suppose 5*f - 20 = -3*t, 0 = -f - 0*t + 5*t + 32. Let d(z) = 17*z**2 - 12*z - 16. Let c(j) = -9*j**2 + 6*j + 8. Let q(l) = 11*c(l) + 6*d(l). Is q(f) prime?
True
Suppose 3*m - 1394 = -473. Is m composite?
False
Suppose -2*v = 3*v + 25515. Is v/(-39) + (-6)/(-39) composite?
False
Suppose 0 = 4*u - 62 + 14. Suppose 3*h - u + 0 = 0. Suppose h*r = r + 39. Is r a composite number?
False
Let m be (8/(-5))/((-8)/40). Is m/5 + (-10)/(-25) a prime number?
True
Let m(a) = 1701*a + 28. Is m(3) a prime number?
False
Let a(x) = -14*x**3 - 8*x**2 - 5*x. Let i(u) = -14*u**3 - 7*u**2 - 4*u. Let g(k) = -5*a(k) + 6*i(k). Let h be g(1). Is (0 - -2)/((-3)/h) a prime number?
False
Let f be ((-4)/(-5))/(2/(-20)). Let c(q) = -24*q +